multiple of 35?
False
Is 268 a factor of 189182540?
True
Is 3585 a factor of 1560539745?
True
Does 1418 divide 31613448?
False
Is 241 a factor of 464016821?
True
Is 10440116 a multiple of 204?
False
Does 69 divide 910000?
False
Is 6101 a factor of 2676343973?
True
Does 14 divide 1776936172?
False
Is 16 a factor of 8890540?
False
Does 20 divide 217635468?
False
Is 182 a factor of 144245920?
True
Is 444 a factor of 2654931921?
False
Is 37014657 a multiple of 6?
False
Is 302052826 a multiple of 3142?
False
Does 325 divide 839971343?
False
Is 15 a factor of 64208624?
False
Does 588 divide 204653379?
False
Is 302031618 a multiple of 1281?
True
Does 16 divide 350018354?
False
Is 2 a factor of 618811999?
False
Is 354727890 a multiple of 66?
True
Does 1489 divide 187481479?
True
Is 67 a factor of 107527211?
False
Does 3 divide 380315223?
True
Is 8 a factor of 159747439?
False
Is 4 a factor of 38049811?
False
Does 22 divide 24903868?
True
Does 244 divide 34953246?
False
Is 32280007 a multiple of 37?
False
Is 39 a factor of 33754500?
True
Does 10 divide 2915462569?
False
Is 200 a factor of 507020600?
True
Is 60137896 a multiple of 49?
True
Is 282 a factor of 85353273?
False
Does 157 divide 40184464?
True
Is 29444121 a multiple of 301?
True
Is 57 a factor of 73765068?
True
Is 3006256 a multiple of 13?
False
Does 355 divide 123976295?
True
Does 269 divide 4641267047?
False
Is 915 a factor of 2474747512?
False
Is 4211929 a multiple of 35?
False
Does 8 divide 153425960?
True
Is 28 a factor of 1051049300?
True
Is 122983700 a multiple of 175?
True
Is 6 a factor of 77346844?
False
Is 531 a factor of 262491389?
False
Is 165880728 a multiple of 178?
False
Is 793 a factor of 101059127?
True
Does 10 divide 901210?
True
Is 6 a factor of 73999032?
True
Does 537 divide 500384748?
False
Is 2259652 a multiple of 4?
True
Does 6753 divide 696517926?
True
Is 122152259 a multiple of 7?
False
Does 111 divide 181537328?
False
Is 10 a factor of 42664248?
False
Does 4932 divide 194675904?
True
Is 119 a factor of 358170059?
False
Does 31 divide 98497633?
True
Is 52008853 a multiple of 563?
False
Is 960 a factor of 8198768640?
True
Does 1115 divide 619707874?
False
Does 646 divide 23569310?
True
Is 1802307341 a multiple of 29?
True
Is 6213480 a multiple of 13?
True
Is 26 a factor of 83481971?
False
Is 4 a factor of 422904678?
False
Does 26 divide 765580709?
False
Does 1755 divide 42929055?
True
Is 29 a factor of 45914234?
False
Does 1824 divide 396736716?
False
Is 14 a factor of 30717725?
False
Is 14290512 a multiple of 4?
True
Is 268080954 a multiple of 6?
True
Is 1000 a factor of 118622000?
True
Is 1641168 a multiple of 393?
True
Does 19 divide 2447730512?
False
Is 4408329511 a multiple of 186?
False
Is 1948798 a multiple of 7?
False
Is 68811147 a multiple of 23?
True
Is 2146 a factor of 38525370?
False
Is 24470316 a multiple of 95?
False
Is 2252520788 a multiple of 196?
True
Is 1863 a factor of 115081236?
True
Does 613 divide 195594532?
False
Is 819 a factor of 80467569?
True
Is 7 a factor of 879081210?
True
Is 243 a factor of 118031423?
False
Does 23 divide 453458092?
False
Does 10 divide 113359224?
False
Is 49926240 a multiple of 1404?
True
Is 112 a factor of 61985513?
False
Is 11 a factor of 42769111?
True
Is 429048526 a multiple of 79?
True
Does 5 divide 166977965?
True
Is 25 a factor of 763102275?
True
Is 7722691 a multiple of 453?
False
Is 206 a factor of 8375960?
True
Is 518 a factor of 24640742?
True
Is 48954078 a multiple of 18?
True
Is 15 a factor of 4167210?
True
Does 98 divide 298760154?
True
Does 4 divide 88403938?
False
Does 115 divide 54500509?
False
Does 29 divide 1231696236?
True
Does 372 divide 328860648?
True
Is 101 a factor of 116319579?
True
Is 45596122 a multiple of 26?
True
Is 56560880 a multiple of 80?
True
Does 19 divide 143146627?
True
Is 42854784 a multiple of 428?
True
Is 16374450 a multiple of 15?
True
Does 12 divide 260685912?
True
Is 95747844 a multiple of 1286?
True
Does 17 divide 2333823?
False
Is 134898065 a multiple of 275?
False
Does 4727 divide 2028337434?
False
Does 1479 divide 1187357469?
True
Is 572 a factor of 450229780?
True
Is 12 a factor of 5351203064?
False
Is 878186741 a multiple of 5?
False
Is 2269787831 a multiple of 9807?
False
Is 11 a factor of 3753335?
False
Is 130142494 a multiple of 15?
False
Is 520981563 a multiple of 189?
False
Is 30 a factor of 1111018895?
False
Is 78 a factor of 57709470?
True
Is 307669276 a multiple of 964?
True
Is 237066003 a multiple of 447?
True
Is 2849634940 a multiple of 5086?
True
Is 4368070 a multiple of 21?
False
Does 146 divide 9760976?
True
Is 72609731 a multiple of 24?
False
Is 161 a factor of 413807513?
True
Is 33 a factor of 925117710?
True
Is 1731 a factor of 23763168?
True
Does 1013 divide 6295957?
False
Is 22895008 a multiple of 74?
True
Is 1765094904 a multiple of 6?
True
Does 22 divide 132386632?
False
Is 29791668 a multiple of 758?
False
Is 832 a factor of 37193196?
False
Is 1063768335 a multiple of 89?
False
Is 17 a factor of 945709073?
False
Is 233636005 a multiple of 422?
False
Does 134 divide 597640?
True
Is 110321286 a multiple of 636?
False
Is 2359 a factor of 430727451?
True
Is 175 a factor of 47877765?
False
Is 27 a factor of 4783148?
False
Is 843 a factor of 32399173?
False
Does 9 divide 80483?
False
Is 9956290 a multiple of 7?
False
Is 5912545 a multiple of 5?
True
Is 45 a factor of 974965465?
False
Does 1626 divide 843735537?
False
Does 396 divide 21705147?
False
Is 578 a factor of 56999470?
True
Is 69 a factor of 1296753087?
True
Is 631191105 a multiple of 1565?
True
Is 13 a factor of 357529484?
True
Is 51826356 a multiple of 3396?
True
Is 269093601 even?
False
Is 8518 a factor of 1942890734?
False
Does 361 divide 7397548825?
True
Is 3430570 a multiple of 143?
True
Does 351 divide 40229831?
False
Is 2046 a factor of 744975198?
True
Is 48981682 a multiple of 302?
True
Is 71770510 a multiple of 70?
True
Is 1703 a factor of 152427015?
True
Is 303650100 a multiple of 52?
True
Is 536882961 a multiple of 193?
True
Does 1504 divide 9991072?
True
Does 24 divide 55358492?
False
Does 21 divide 709097093?
False
Is 413727232 a multiple of 17?
True
Is 12307754 a multiple of 1440?
False
Is 116633847 a multiple of 1238?
False
Does 61 divide 32561850?
False
Is 55067855 a multiple of 997?
False
Is 36 a factor of 48076992?
True
Is 102 a factor of 45331376?
False
Is 4312470744 a multiple of 193?
True
Is 3648 a factor of 77366784?
True
Does 72 divide 2416319?
False
Does 9 divide 72054936?
True
Does 33 divide 23049154?
False
Does 78 divide 10413388?
False
Does 227 divide 43909064?
True
Does 34 divide 1824531023?
False
Is 40 a factor of 119303280?
True
Is 1032998348 a multiple of 2465?
False
Is 17 a factor of 194290916?
False
Does 24 divide 855006680?
False
Does 116 divide 707326472?
True
Does 1291 divide 11847507?
True
Is 323397768 a multiple of 654?
True
Does 112 divide 23494352?
True
Is 142 a factor of 35206454?
False
Is 395272326 a multiple of 283?
True
Does 2557 divide 336128069?
False
Is 124 a factor of 200668124?
False
Does 9 divide 214329996?
True
Does 248 divide 145904600?
True
Is 16 a factor of 150590990?
False
Is 318852534 a multiple of 1289?
False
Is 23 a factor of 124172981?
False
Is 20645604 a multiple of 756?
True
Is 18 a factor of 63713124?
True
Is 2444504010 a multiple of 813?
True
Is 82197405 a multiple of 8?
False
Does 17 divide 337841748?
True
Does 104 divide 1294315776?
True
Does 7 divide 23374890?
True
Is 59908943 a multiple of 4?
False
Is 819985711 a multiple of 2264?
False
Is 1261 a factor of 2570272341?
True
Does 19 divide 84452093?
True
Is 701209119 a multiple of 167?
True
Is 232 a factor of 59618460?
False
Is 12 a factor of 211650358?
False
Does 1859 divide 35004970?
True
Does 10273 divide 4247674957?
False
Is 2 a factor of 3235434?
True
Does 17 divide 6759621?
False
Is 11118744 a multiple of 234?
True
Is 35 a factor of 11463231?
False
Does 591 divide 27414307?
False
Is 13 a factor of 173959465?
False
Is 1038 a factor of 185197041?
False
Does 110 divide 4988500?
True
Is 12516149 a multiple of 81?
False
Does 87 divide 1000480733?
False
Does 1343 divide 10922619?
True
Does 31 divide 10710252?
True
Is 1426503564 a multiple of 124?
True
Is 18 a factor of 116647146?
